{"id":48,"date":"2022-05-29T18:35:39","date_gmt":"2022-05-29T18:35:39","guid":{"rendered":"https:\/\/meritoti.com.br\/?page_id=48"},"modified":"2022-05-29T18:42:10","modified_gmt":"2022-05-29T18:42:10","slug":"servicos-tecnologia-informacao","status":"publish","type":"page","link":"https:\/\/meritoti.com.br\/index.php\/servicos-tecnologia-informacao\/","title":{"rendered":"Servicos Tecnologia Informacao"},"content":{"rendered":"\n<p>Conhe\u00e7a nossos servi\u00e7os<\/p>\n\n\n\n<p>1 &#8211; Projeto e implanta\u00e7\u00e3o de servidor Firewall PFSense<br>2 &#8211; Implanta\u00e7\u00e3o monitoramento de rede com Zabbix \/ Nagios<br>3 &#8211; Adequa\u00e7\u00e3o normas LGPD p\/ rede com servidor AD Microsoft ou Samba Linux<br>4 &#8211; Servidor PACs \/ Dicom Printer \/ Laudos a distancia<br>5 &#8211; Backup autom\u00e1tico de dados com NextCloud<br>6 &#8211; Virtualiza\u00e7\u00e3o de servidores \/ gerenciamento e backup maquinas virtuais \/ melhoria desempenho<br>7 &#8211; Analise e levantamento de redes: topologia, amea\u00e7as e pontos de falha<br><\/p>\n","protected":false},"excerpt":{"rendered":"<p>Conhe\u00e7a nossos servi\u00e7os 1 &#8211; Projeto e implanta\u00e7\u00e3o de servidor Firewall PFSense2 &#8211; Implanta\u00e7\u00e3o monitoramento de rede com Zabbix \/ Nagios3 &#8211; Adequa\u00e7\u00e3o normas LGPD p\/ rede com servidor AD Microsoft ou Samba Linux4 &#8211; Servidor PACs \/ Dicom Printer<\/p>\n","protected":false},"author":1,"featured_media":0,"parent":0,"menu_order":0,"comment_status":"closed","ping_status":"closed","template":"","meta":{"om_disable_all_campaigns":false,"_monsterinsights_skip_tracking":false,"_monsterinsights_sitenote_active":false,"_monsterinsights_sitenote_note":"","_monsterinsights_sitenote_category":0,"footnotes":""},"aioseo_notices":[],"_links":{"self":[{"href":"https:\/\/meritoti.com.br\/index.php\/wp-json\/wp\/v2\/pages\/48"}],"collection":[{"href":"https:\/\/meritoti.com.br\/index.php\/wp-json\/wp\/v2\/pages"}],"about":[{"href":"https:\/\/meritoti.com.br\/index.php\/wp-json\/wp\/v2\/types\/page"}],"author":[{"embeddable":true,"href":"https:\/\/meritoti.com.br\/index.php\/wp-json\/wp\/v2\/users\/1"}],"replies":[{"embeddable":true,"href":"https:\/\/meritoti.com.br\/index.php\/wp-json\/wp\/v2\/comments?post=48"}],"version-history":[{"count":3,"href":"https:\/\/meritoti.com.br\/index.php\/wp-json\/wp\/v2\/pages\/48\/revisions"}],"predecessor-version":[{"id":51,"href":"https:\/\/meritoti.com.br\/index.php\/wp-json\/wp\/v2\/pages\/48\/revisions\/51"}],"wp:attachment":[{"href":"https:\/\/meritoti.com.br\/index.php\/wp-json\/wp\/v2\/media?parent=48"}],"curies":[{"name":"wp","href":"https:\/\/api.w.org\/{rel}","templated":true}]}}